4
Let g(i) = -i**3 + 7*i**2 - 8*i + 11. Let v be g(5). Let o(a) = a**3 + 5*a**2 - a + 2. Let t be o(-5). What is the greatest common divisor of v and t?
7
Let u be (-2)/2*(2 + -2). Suppose -k + 4*c + 2 = u, -3*c + 76 = 5*k - c. What is the highest common factor of 126 and k?
14
Suppose 0*u - u = 5. Let g be (10/(-15))/((-2)/6). Let w be g*5/(u/(-4)). Calculate the greatest common divisor of w and 8.
8
Suppose -4*b + 68 + 4 = 0. Suppose -z + 3*h + 2*h = -141, -2*z = -5*h - 267. Calculate the highest common factor of b and z.
18
Suppose 5*f = -1 + 76. Let a(q) = q**3 - 15*q**2 + 2*q - 10. Let g be a(f). Calculate the highest common divisor of 50 and g.
10
Suppose -3*c + c = -6. Let z be -3 + (-2 - (c - 38)). Calculate the highest common factor of z and 75.
15
Let u be -8 + 9 + 13 + -1. Calculate the highest common divisor of 91 and u.
13
Let v(h) = -2 - 4*h - 3 + 5*h. Let w be v(8). Suppose 2*o - w*o + 10 = 0. Calculate the greatest common divisor of 90 and o.
10
Suppose 0*r - 2*r - 12 = 0. Let l be 4/r - (-664)/24. Let c be (-2)/((8/3)/(-4)). Calculate the greatest common divisor of c and l.
3
Let y(n) = -7*n - 2. Let z be y(-2). What is the highest common factor of 3 and z?
3
Let b(x) = -2*x**3 - x**2 + x - 3. Let l be b(-2). Calculate the greatest common factor of 2 and l.
1
Suppose 25 = -5*u, -3*b + 4*b + 2*u + 5 = 0. Suppose k = -b*x + 67, k + 19 = -3*x + 58. What is the greatest common divisor of 112 and x?
14
Let v be 17/(-68) - 498/(-8). Suppose 2*q = 4*q + 76. Let b = v + q. What is the greatest common factor of 6 and b?
6
Let t be 17/5 + (-4)/10. Calculate the highest common divisor of t and 27.
3
Suppose 0 = 5*k - 4*v - 78, -5*v + 60 - 14 = 4*k. Calculate the greatest common factor of 112 and k.
14
Suppose -86 = 9*f - 1022. Calculate the greatest common divisor of f and 26.
26
Let t(w) = 7*w**2 + 3*w - 26. Let b be t(-6). What is the highest common factor of 16 and b?
16
Suppose -5*c - 23 = -4*s, 2*c - 7 = s + 5*c. Calculate the highest common divisor of 14 and s.
2
Let c(j) be the third derivative of -5*j**4/8 - 3*j**3/2 + 6*j**2. Let k be c(-5). What is the highest common factor of 6 and k?
6
Let v(f) = f**3 - f - 16. Let o be v(0). Let x = 6 - o. Suppose 6*r - 220 = 2*r. Calculate the greatest common divisor of r and x.
11
Let o be (3/2)/((-9)/12). Let i be (-4)/o - (-20)/1. Suppose -2*s = -6*s + 132. What is the greatest common factor of s and i?
11
Suppose 16*l = 15*l + 96. What is the greatest common divisor of l and 12?
12
Let g(w) = -22*w. Let x be g(-6). Let h(q) = -q**2 - 11*q - 6. Let z be h(-9). Calculate the greatest common divisor of x and z.
12
Let d(a) = 35*a**2 - 4*a + 2. Let h be d(1). Let k be 1/(-1 + -2)*-33. What is the highest common divisor of k and h?
11
Suppose -6*z + 56 = -28. What is the highest common factor of 322 and z?
14
Let z = -1 - -4. Calculate the greatest common divisor of z and 3.
3
Let c = 51 + 0. Let s = -20 + c. Suppose 5*h - 177 = -x, x + 37 = 2*h - s. Calculate the highest common factor of h and 7.
7
Let c = -16 + 40. Calculate the greatest common divisor of 12 and c.
12
Let v(n) = -4*n + 8. Let w be v(-2). Calculate the greatest common factor of 4 and w.
4
Suppose 0 = 3*v - 15, -k - v = 2*k - 17. Suppose -5*s - 16 = 3*a, -4*a + 2*s = -a + 2. Let u = k + a. What is the highest common divisor of u and 3?
1
Suppose 0 = 5*r - 2*f - 8, 0 = 2*r + 3*f + f + 16. Let n = 28 + r. Calculate the greatest common factor of n and 112.
28
Let a be (-2)/(1 + 177/(-175)). Suppose 0 = 5*k - a. Calculate the highest common divisor of 7 and k.
7
Suppose -4*h + 66 = -3*h. Suppose -4*x = -3*o + h, -x + 3*o = 4*x + 81. Let t be (-6)/x + (-53)/(-5). Calculate the greatest common divisor of t and 1.
1
Let x = 178 + -98. Calculate the highest common factor of x and 32.
16
Let l = 39 + -96. Let n be 1 - (1 + l + 3). Calculate the greatest common factor of n and 18.
18
Suppose 2*n - n - 1 = 0, 0 = -2*i - 2*n + 662. What is the highest common factor of i and 30?
30
Let x be (-148)/6*(-9)/(-6). Let g be 0 - (1 + 1) - x. Calculate the highest common factor of g and 7.
7
Let s = 0 + 14. Let y be (2 + -3)/(1/(-28)). What is the highest common factor of s and y?
14
Let s = 24 + -4. Let n(w) = -89*w + 1. Let z be n(1). Let t be (-2)/(-3) + z/(-3). What is the greatest common factor of t and s?
10
Let z be 1*-1 - (-36)/4. Let r = z + 3. Let a = -7 + r. What is the highest common factor of a and 2?
2
Suppose 0 = 4*v - 1 + 21. Let c = 10 + v. What is the highest common factor of c and 1?
1
Suppose 3*j + 2*a - 232 = 0, 0*j + 4*j = 3*a + 332. Suppose -6*r = -r - j. Calculate the highest common factor of 4 and r.
4
Let s(d) = 16*d**2 + 4*d + 4. Let o be s(-3). What is the highest common divisor of 34 and o?
34
Let c be 4/2 + -1 + 4. Suppose c*t + 2 = k, -6*k + 2*k - 2*t + 8 = 0. Suppose 5*n + k*q = 14, -q = 3*n + 3*q. Calculate the greatest common factor of n and 16.
4
Let g = 72 + -47. Let u = -13 + g. Calculate the highest common factor of 18 and u.
6
Suppose 4*i - 16 = -0. Suppose 0 = -i*g - 0*g - 12. Let s = -1 - g. What is the highest common factor of s and 16?
2
Suppose 2*m - 156 = -4*s - m, 3*s - 2*m = 100. Suppose -24*u = -21*u - 36. Calculate the greatest common factor of s and u.
12
Suppose -2*l - 201 = -681. Calculate the greatest common divisor of l and 30.
30
Let g be ((-12)/6)/((-2)/42). Calculate the highest common factor of 105 and g.
21
Suppose -18 = -4*x + 26. Let w be (-266)/4 - 1/2. Let m = w + 111. Calculate the greatest common divisor of x and m.
11
Let a = 3 + 2. Let d(f) = -5*f + 44. Let w(h) = h - 9. Let k(i) = -2*d(i) - 11*w(i). Let o be k(6). Calculate the greatest common divisor of a and o.
5
Let f = 16 - 1. Suppose -o + 3*u + 8 = 4*u, 2*o + 3*u = f. What is the greatest common factor of o and 72?
9
Let l(o) be the second derivative of -o**3/6 + 11*o**2 - 2*o. Let d be l(0). Calculate the greatest common factor of d and 11.
11
Suppose -2*l - 24 = -6*l. Calculate the highest common divisor of 6 and l.
6
Let j(f) = -f**3 + 18*f**2 - 8*f + 23. Let t be j(17). Calculate the greatest common factor of t and 22.
22
Let b be 2/((-3)/24*2). Let q = b + 13. What is the greatest common factor of 10 and q?
5
Let x(p) = -27*p - 36. Let w be x(-7). Calculate the highest common factor of w and 17.
17
Suppose 3*k + 2*k = 270. Suppose 3*r = k + 9. What is the greatest common divisor of 189 and r?
21
Suppose 3*s = 5*d - 37, 0 = 4*d - 3*s - 47 + 15. Let o(y) = -y**3 - 4. Let j be o(d). Let x be 9/(-6) - j/6. Calculate the highest common divisor of 50 and x.
10
Suppose -3*l = -8*l - 30. Let u(k) be the third derivative of -k**5/60 - k**4/3 - k**3 - k**2. Let p be u(l). What is the greatest common factor of 12 and p?
6
Let c(d) = -6*d. Let b be c(-8). Let n(x) = x. Let p be n(16). What is the greatest common divisor of p and b?
16
Suppose 5*n - 5*a - 17 = 3, -2*n + 4*a = -10. Suppose 26 = 5*f - n*f. What is the highest common factor of f and 65?
13
Suppose 0*i = -3*i + 9. Let f(r) = r**2 - 3*r - 6. Let n be f(6). Calculate the highest common divisor of n and i.
3
Suppose 0*z = 8*z - 288. What is the greatest common factor of z and 16?
4
Suppose -h - 2*b + 32 = 3, -3*h = -2*b - 47. Let s be (0 - -14)*(-10)/(-4). Let i = s - h. Calculate the greatest common factor of 96 and i.
16
Suppose 4 = -j + 22. Calculate the greatest common divisor of 6 and j.
6
Suppose -23*p + 21*p = -48. What is the highest common divisor of 3 and p?
3
Let d = 34 - 16. What is the greatest common factor of d and 2?
2
Suppose 557 = 5*v + 62. Calculate the highest common factor of v and 9.
9
Let p(f) = 7*f**2 - f + 1. Let o(d) = -d**2 - 1. Let m(g) = -6*o(g) - p(g). Let z be m(0). What is the highest common factor of 25 and z?
5
Let c(i) = -i + 1. Let k = -3 - -3. Let j be c(k). Calculate the highest common divisor of 8 and j.
1
Let k(c) = 71*c + 2. Let m be k(2). Let w be (8/(-5))/(9 - (-455)/(-50)). Calculate the greatest common divisor of w and m.
16
Let d(p) = 23*p + 2. Let s be d(1). What is the highest common divisor of s and 275?
25
Let o(r) = r**3 + 7*r**2 + 4*r - 6. Let c be o(-6). Calculate the greatest common factor of 4 and c.
2
Suppose 4*b = -2*d - 3*d + 39, 0 = -b - 3*d + 8. Let f(i) = -i + 20. Let y be f(b). Let q be y - 0*2/6. Calcula